a
3 (base 14) to base 3
10
Convert 0 (base 6) to base 14.
0
What is -52 (base 6) in base 13?
-26
What is 2 (base 13) in base 3?
2
Convert 2 (base 5) to base 14.
2
Convert -8f (base 16) to base 6.
-355
Convert 8 (base 14) to base 13.
8
-171 (base 9) to base 15
-9a
Convert -11 (base 4) to base 8.
-5
What is 23 (base 16) in base 14?
27
-9 (base 16) to base 12
-9
What is 22 (base 10) in base 13?
19
What is 36 (base 11) in base 4?
213
Convert -364 (base 8) to base 2.
-11110100
Convert 0 (base 15) to base 10.
0
Convert -73 (base 10) to base 15.
-4d
What is -109 (base 11) in base 10?
-130
10001001 (base 2) to base 3
12002
Convert c4 (base 14) to base 5.
1142
10111 (base 2) to base 6
35
-2 (base 10) to base 11
-2
What is -215 (base 7) in base 15?
-75
-1453 (base 6) to base 14
-201
What is -1 (base 9) in base 10?
-1
Convert 3 (base 9) to base 14.
3
3 (base 13) to base 15
3
Convert 26 (base 8) to base 4.
112
2 (base 6) to base 10
2
-3c (base 13) to base 6
-123
-313 (base 4) to base 7
-106
12 (base 8) to base 2
1010
342 (base 6) to base 2
10000110
-1 (base 15) to base 11
-1
Convert -44 (base 11) to base 5.
-143
What is -3 (base 16) in base 4?
-3
111 (base 6) to base 7
61
Convert -12 (base 5) to base 10.
-7
Convert 240 (base 7) to base 10.
126
What is 112 (base 7) in base 12?
4a
What is -201 (base 5) in base 14?
-39
-69 (base 11) to base 12
-63
Convert 440 (base 6) to base 10.
168
1 (base 7) to base 12
1
-15 (base 8) to base 11
-12
What is 11 (base 3) in base 8?
4
What is 44 (base 7) in base 11?
2a
Convert 12 (base 7) to base 13.
9
What is -7 (base 10) in base 13?
-7
19 (base 12) to base 2
10101
Convert 2 (base 11) to base 16.
2
What is -64 (base 8) in base 4?
-310
2 (base 7) to base 12
2
Convert 2 (base 16) to base 12.
2
What is -22 (base 8) in base 7?
-24
What is 49 (base 14) in base 5?
230
1 (base 2) to base 7
1
What is 25 (base 8) in base 11?
1a
Convert 1 (base 8) to base 4.
1
Convert -152 (base 8) to base 4.
-1222
What is 2 (base 7) in base 11?
2
-11 (base 2) to base 4
-3
What is 222 (base 3) in base 15?
1b
-102 (base 3) to base 4
-23
What is -4 (base 7) in base 3?
-11
-1 (base 13) to base 10
-1
Convert -1010 (base 3) to base 6.
-50
1111 (base 2) to base 16
f
-1 (base 3) to base 15
-1
-34 (base 14) to base 7
-64
-1 (base 12) to base 11
-1
32 (base 13) to base 10
41
4 (base 6) to base 10
4
Convert 31 (base 7) to base 12.
1a
11 (base 5) to base 6
10
Convert -189 (base 15) to base 14.
-1b4
Convert -1 (base 9) to base 4.
-1
Convert -1 (base 4) to base 12.
-1
-1011 (base 3) to base 7
-43
16 (base 8) to base 2
1110
-7 (base 12) to base 5
-12
What is 1 (base 8) in base 5?
1
What is 0 (base 3) in base 14?
0
Convert -40 (base 9) to base 6.
-100
What is 5 (base 8) in base 5?
10
0 (base 3) to base 8
0
What is 3 (base 16) in base 2?
11
What is -17 (base 8) in base 13?
-12
40 (base 11) to base 13
35
Convert -1001 (base 4) to base 14.
-49
What is -3 (base 13) in base 5?
-3
Convert -100 (base 5) to base 15.
-1a
-3 (base 14) to base 2
-11
Convert 5 (base 8) to base 13.
5
Convert -12 (base 4) to base 12.
-6
Convert 116 (base 10) to base 7.
224
0 (base 15) to base 10
0
Convert 21 (base 4) to base 5.
14
28 (base 9) to base 15
1b
10 (base 5) to base 14
5
-40 (base 10) to base 2
-101000
What is 2333 (base 4) in base 11?
164
31 (base 12) to base 7
52
What is 4 (base 11) in base 3?
11
17 (base 15) to base 9
24
What is -35 (base 6) in base 8?
-27
6 (base 12) to base 14
6
-6 (base 8) to base 10
-6
Convert 214 (base 10) to base 8.
326
What is -14 (base 16) in base 5?
-40
-12100 (base 3) to base 11
-121
3 (base 7) to base 12
3
-1 (base 8) to base 7
-1
What is -1 (base 4) in base 10?
-1
Convert -101000 (base 2) to base 4.
-220
What is 10 (base 3) in base 8?
3
Convert 2 (base 15) to base 12.
2
What is 15 (base 10) in base 9?
16
What is 5 (base 16) in base 13?
5
What is -12 (base 3) in base 4?
-11
-15 (base 6) to base 4
-23
Convert -243 (base 7) to base 4.
-2001
Convert 3 (base 5) to base 14.
3
Convert -115 (base 9) to base 4.
-1133
What is -7 (base 10) in base 8?
-7
Convert 134 (base 8) to base 14.
68
Convert -1 (base 2) to base 4.
-1
What is -341 (base 7) in base 6?
-452
10001001 (base 2) to base 12
b5
Convert 11 (base 6) to base 8.
7
Convert -78 (base 13) to base 11.
-90
Convert -3 (base 6) to base 12.
-3
What is 0 (base 4) in base 2?
0
-20 (base 4) to base 10
-8
Convert 12 (base 5) to base 7.
10
What is 16 (base 7) in base 16?
d
Convert 20a (base 11) to base 14.
140
16 (base 16) to base 3
211
Convert -333 (base 4) to base 12.
-53
3 (base 14) to base 10
3
What is -32 (base 4) in base 12?
-12
What is 375 (base 9) in base 5?
2221
What is -b (base 13) in base 7?
-14
What is 15 (base 16) in base 11?
1a
Convert -65 (base 10) to base 7.
-122
-63 (base 11) to base 2
-1000101
Convert 1 (base 15) to base 16.
1
Convert 1 (base 11) to base 9.
1
Convert -4 (base 12) to base 15.
-4
Convert 1000011 (base 2) to base 5.
232
-50 (base 7) to base 10
-35
What is 0 (base 9) in base 4?
0
What is -2 (base 12) in base 9?
-2
What is -10 (base 11) in base 6?
-15
-9b (base 13) to base 4
-2000
What is 6 (base 8) in base 5?
11
Convert 7 (base 10) to base 16.
7
-11 (base 7) to base 12
-8
Convert -1 (base 8) to base 5.
-1
Convert -48 (base 13) to base 5.
-220
What is -1b (base 15) in base 8?
-32
Convert 2 (base 14) to base 16.
2
-1 (base 15) to base 2
-1
What is 10 (base 10) in base 11?
a
142 (base 5) to base 16
2f
What is -3 (base 9) in base 6?
-3
-2 (base 15) to base 10
-2
Convert -1 (base 10) to base 13.
-1
Convert -112 (base 7) to base 5.
-213
What is -5 (base 10) in base 7?
-5
41 (base 11) to base 2
101101
Convert 25 (base 8) to base 10.
21
-3 (base 16) to base 6
-3
-312 (base 6) to base 12
-98
Convert 4 (base 9) to base 4.
10
314 (base 6) to base 12
9a
Convert 2 (base 11) to base 10.
2
What is 3 (base 12) in base 11?
3
-1 (base 9) to base 10
-1
-21 (base 9) to base 5
-34
What is -2 (base 4) in base 5?
-2
Convert 0 (base 8) to base 10.
0
Convert 1011 (base 3) to base 2.
11111
What is 1 (base 3) in base 5?
1
310 (base 8) to base 11
172
What is 11 (base 6) in base 5?
12
352 (base 9) to base 16
122
What is -1323 (base 6) in base 8?
-523
What is -6 (base 12) in base 7?
-6
What is 76 (base 8) in base 9?
68
218 (base 10) to base 5
1333
-1 (base 8) to base 3
-1
What is 0 (base 14) in base 5?
0
-11 (base 11) to base 9
-13
What is -50 (base 6) in base 14?
-22
2001 (base 3) to base 7
106
What is -4 (base 11) in base 8?
-4
What is -5 (base 6) in base 14?
-5
-12 (base 10) to base 3
-110
Convert 17 (base 11) to base 2.
10010
What is 10 (base 14) in base 8?
16
What is 300 (base 5) in base 2?
1001011
What is -2 (base 12) in base 16?
-2
-51 (base 6) to base 5
-111
17 (base 12) to base 14
15
-9 (base 11) to base 8
-11
What is 1011 (base 3) in base 11?
29
What is 37 (base 8) in base 10?
31
Convert 62 (base 14) to base 12.
72
What is 10 (base 14) in base 15?
e
What is 222 (base 9) in base 7?
350
Convert -1e (base 15) to base 12.
-25
Convert -25 (base 6) to base 3.
-122
What is 5 (base 11) in base 13?
5
60 (base 15) to base 12
76
What is -45 (base 16) in base 9?
-76
76 (base 9) to base 13
54
What is -3 (base 11) in base 7?
-3
What is 6 (base 8) in base 2?
110
-150 (base 13) to base 5
-1414
What is -6 (base 13) in base 4?
-12
-2 (base 10) to base 14
-2
Convert 122 (base 3) to base 11.
16
Convert 4 (base 16) to base 7.
4
-56 (base 16) to base 6
-222
What is -6 (base 14) in base 16?
-6
Convert 1 (base 10) to base 6.
1
10 (base 14) to base 12
12
What is -10111 (base 2) in base 16?
-17
3 (base 9) to base 14
3
b (base 13) to base 9
12
What is 111 (base 2) in base 3?
21
Convert -8 (base 14) to base 12.
-8
55 (base 9) to base 3
1212
Convert -8 (base 10) to base 12.
-8
What is -3 (base 4) in base 14?
-3
Convert -7 (base 15) to base 8.
-7
a7 (base 15) to base 6
421
What is -39 (base 10) in base 14?
-2b
What is 100010 (base 2) in base 6?
54
What is 3 (base 14) in base 3?
10
Convert 7 (base 15) to base 8.
7
10 (base 6) to base 4
12
22 (base 7) to base 16
10
What is -101111 (base 2) in base 9?
-52
Convert 0 (base 4) to base 14.
0
0 (base 6) to base 14
0
-50 (base 11) to base 15
-3a
What is 3 (base 14) in base 13?
3
Convert 22 (base 16) to base 8.
42
-68 (base 16) to base 8
-150
Convert -1011 (base 2) to base 11.
-10
Convert -5 (